Let i be d(-8). What is the units digit of (-29)/(-7) - i/7?
4
Suppose 2*a = -0*a. Suppose 2*y = -4*g + 12, -9 = 5*y - 3*g - a*g. Suppose -4*s + 2*s + 12 = y. What is the units digit of s?
6
Let u = -335 + 1146. What is the units digit of u?
1
Let i(q) = 24*q + 25*q - 26 - 3*q - 17*q. What is the units digit of i(10)?
4
Let p = 0 - -3. Suppose -q = -p*q - 4*g + 176, 2*q + 5*g = 180. Suppose q = 5*m - 45. What is the tens digit of m?
2
Suppose -3 = i + 2, 5*z = 2*i + 5. Let t = z - -1. Suppose t = d - 4*d + 51. What is the units digit of d?
7
Let d(y) = y**3 - 3*y**2 + 2*y - 2. Let h be d(3). Suppose -x = -h*s + 2*s + 502, s - 257 = 2*x. What is the units digit of s?
9
Let w = 3 - 2. Let i = 18 - w. Let l = 2 + i. What is the units digit of l?
9
Let p be (-540)/32 - 1/8. Let h = 52 + p. Let i = h + -19. What is the tens digit of i?
1
What is the units digit of ((-4755)/(-20))/((-15)/(-40))?
4
Let k(f) = -f**3 + 25*f**2 + 27*f + 25. Let s be k(26). Let m(p) = 123*p**2 - 1. Let y be m(1). Let h = y - s. What is the units digit of h?
1
Let s(d) = -d**3 + 15*d**2 - 25*d - 5. Let w be s(13). Suppose -w*r + 891 = r. What is the units digit of r?
9
What is the hundreds digit of (-1)/(((-1)/638)/1)?
6
Let t(f) = -f**3 - 10*f**2 - f - 8. Let m be t(-10). Let q(s) = -2*s + 1. Let c be q(m). Let d(v) = 4*v**2 + 3*v + 4. What is the units digit of d(c)?
1
Let x(z) be the second derivative of z**3/6 + 5*z**2/2 - 9*z. Let i be x(17). Let t = i - 15. What is the units digit of t?
7
Let d be ((-2)/(-5))/((-7)/(-4305)) - 0. What is the tens digit of d*(4 - (-33)/(-9))?
8
What is the thousands digit of 19 + (-4160)/220 + (-39686)/(-22)?
1
Let o(z) = 27*z + 122. What is the tens digit of o(14)?
0
Let z = 7 + -3. Suppose -2*h + 5*d = 4*d - 9, -14 = -2*h - z*d. What is the units digit of h?
5
Let c = -19 - -19. Suppose 3*g + 165 = -c*i + 3*i, g - 61 = -i. What is the units digit of i?
8
Let g(p) = 3*p**2 - 7*p - 7. What is the tens digit of g(5)?
3
Let z be 5/(-5)*-3 + -3. Suppose -2*t + 3*t - 6 = 2*w, z = 2*t - 5*w - 7. What is the units digit of t?
6
Let h = -303 + 396. What is the units digit of h?
3
Let x(u) be the second derivative of 6*u + 0 - 3*u**2 - 1/12*u**4 - 11/6*u**3. What is the units digit of x(-5)?
4
Let z = 464 - -446. What is the tens digit of z?
1
Let w be (-2)/(-4) + 147/14. Let r = w - 12. What is the tens digit of 13/1 - 2 - r?
1
Suppose -3*m = -2*o + 52, -2*m = -0*o - o + 34. Let b be ((-2)/8)/(2/m). Suppose 0 = k, -k - 256 = -4*x - b*k. What is the units digit of x?
4
Suppose -5*n + 5*q = 185, 5*q = 3*n + 64 + 53. Let v = 61 + n. What is the units digit of v?
7
Let c(d) = -8*d - 4. Let r(p) = 7*p + 5. Let q(k) = -5*c(k) - 6*r(k). Suppose 3*o + 20 = -0*o + g, g + 44 = -5*o. What is the units digit of q(o)?
6
What is the tens digit of (-4 - -15) + (10 - -2239)?
6
Suppose 79 = 2*a - 9. Suppose -4*h - 2*m = a, 3*m + 39 = -4*h + h. Let c(f) = -4*f - 7. What is the units digit of c(h)?
9
Suppose -3*g - 6 = -12. Suppose x - 3*q = q + 39, g*q - 187 = -3*x. Suppose 5*z - 3*s - 182 = x, 2*s + 244 = 5*z. What is the units digit of z?
0
Let h be -24*(1 + (-3)/2). Let x = -7 + h. Let a(i) = i**2 - i - 2. What is the units digit of a(x)?
8
Suppose -3*f + 4*i - 3 = 0, 5*f + 2*i - 21 = -0*i. Suppose -2*v + 3*l - f = -1, -3*v - 14 = l. Let w = 2 - v. What is the units digit of w?
6
Suppose -3 = 4*z - 19. Suppose -r - z*r = -205. Suppose d + 6*j - 3*j = r, -d + 11 = -3*j. What is the units digit of d?
6
Let x(m) = m**3 + 7*m**2 - 5*m - 30. What is the units digit of x(7)?
1
Let a(d) = 13*d - 7. Let h(j) = -25*j + 15. Let v(l) = -5*a(l) - 3*h(l). What is the tens digit of v(3)?
2
Suppose -4*o = -3*f + 9, 3*o - 3*f + 3 = -0*o. What is the units digit of (o - -9)*(-100)/(-6)?
0
Let r(u) = 272*u - 218. What is the hundreds digit of r(6)?
4
What is the tens digit of (-14)/21 - (-1217)/3?
0
Let k be 8/12 + 16/12. Suppose -k*b + 11*b = 684. What is the tens digit of b?
7
Let n(k) = -2*k - 2. Let j be n(-2). Suppose -j*y + 25 = -139. What is the tens digit of y?
8
What is the hundreds digit of (-109944)/(-144)*2/6*8?
0
Let a = -14 - -11. Let p be ((-4)/a)/((-6)/(-9)). Suppose 0 = -2*v - p*l + 20, 5*v - l = 2*v + 50. What is the tens digit of v?
1
Suppose -32*v = -85*v + 143259. What is the units digit of v?
3
Suppose o - 209 = 2*d + 174, 4*d + 16 = 0. Let n = o - 166. What is the tens digit of n?
0
Suppose 32 = -4*d - 4*s, -4*d + 3*s - 53 = -0*s. Let r(p) = 2*p**2 + 11*p + 5. Let y be r(d). Let l = y + -53. What is the units digit of l?
3
Suppose 4*g = -4*s - 1 + 25, 4*g = s + 34. Suppose -5*u = -4*a - 84, 28 = -5*u + g. What is the units digit of a*((-6)/(-2))/(-6)?
3
Let m = -25 - -36. Let f be -4*1/(-6)*3. Let x = m - f. What is the units digit of x?
9
Let u(k) = k**2 - 2*k + 2. Let j be u(3). Let i be 6/3*(21 - -2). Suppose 6*h - i = 3*h - 2*m, -j*m = 5. What is the units digit of h?
6
Let i(n) = -2*n - 8. Let r be i(-9). Suppose c - 18 = -3*w + 2*c, -w - 5*c = r. Suppose 0 = 2*g - 2*q - 2*q - 44, -w*q = -3*g + 63. What is the tens digit of g?
1
Let k = 190 + -97. Suppose 9*j = 345 - k. What is the tens digit of j?
2
Suppose 0 = -22*m + 10*m + 1356. What is the hundreds digit of m?
1
Suppose -2*f - 5*t = 12, t = -3*f + 1 + 7. Let j be 12/48 - (-3)/f. Let k(o) = 64*o - 3. What is the units digit of k(j)?
1
Let n = -115 - -67. Let a be n/10 - (-56)/70. Let f = a + 7. What is the units digit of f?
3
Let i = 24 - 34. What is the units digit of -1*5/i*28?
4
Suppose -12*m = 10*m - 16038. What is the units digit of m?
9
Suppose 0 = -3*x + 6*r - r + 422, 4 = -r. Suppose 4*d = 9 + 3, -4*d = -2*v + x. What is the units digit of v?
3
Let y = 96 + -96. Let n = 40 + y. What is the units digit of n?
0
What is the thousands digit of 132/825*(-2205)/(-6)*50?
2
Suppose 105 + 180 = -3*m. Let s = -38 - m. What is the tens digit of s?
5
Suppose 4*l = 4426 + 3830. What is the units digit of l?
4
Suppose 41 = -o + z, 2*o - o = -5*z - 23. Let l = -12 - o. Suppose -4*g = 3*q - q - l, -q + 5*g = -6. What is the units digit of q?
1
Let j = 2807 + -1475. What is the hundreds digit of j?
3
Let m = -13 - -4. Suppose 20 = -4*a + a + 2*t, 3*a - 5*t = -23. What is the units digit of ((-6)/(-9))/(a/m)?
1
Suppose 4*p + 3*a = -a + 356, -7*a = 4*p - 365. What is the tens digit of p?
8
Let p(a) = 0*a**3 + 2*a**2 - a**3 - 32 + 30 - 2*a - 2*a**3. What is the units digit of p(-2)?
4
Let o be (-1 - -3) + ((-8)/1)/4. Suppose b - 81 = -c, o = -0*b - 2*b + c + 153. What is the tens digit of b?
7
Suppose 1080 = 18*t - 13*t. Let i = -129 + t. What is the units digit of i?
7
Let f(b) = -122*b + 241. What is the hundreds digit of f(-7)?
0
Let s(y) = -491*y - 29. Let g be s(-9). What is the tens digit of (-6)/(-33) - g/(-55)?
8
Let o(p) = 2*p - 1. Let u be o(7). Let f = -9 + u. Suppose 7*c - 3*v - 99 = f*c, 3*c - v = 101. What is the units digit of c?
4
Suppose 0 = -3*w - 9*w + 12720. Suppose 122 = -7*d + w. What is the hundreds digit of d?
1
Suppose 4*x - 7*y - 2927 = -2*y, -9 = 3*y. What is the tens digit of x?
2
Let o(k) = -k**3 - k**2 + 17*k + 5. Let j be o(-5). Suppose -j = -5*l, 2*l - 353 = -5*c - 0*l. What is the tens digit of c?
6
Let l = 43 - 5. Let i = 185 - l. What is the tens digit of i?
4
Let c = -153 + 298. Let s = -70 + c. What is the tens digit of s?
7
Let r = -1513 + 1907. What is the tens digit of r?
9
Let b be 530/6 + (-18)/(-27). Suppose 5*s + 53 = -0*p + 2*p, -3*p - 2*s + b = 0. Suppose 0 = g - 2*g + p. What is the tens digit of g?
2
Let s be (-4)/(-3) + -2 - 22/(-6). Suppose s*o = 4*f + 118, -4*o - 2*f - 3*f = -147. What is the units digit of o?
8
What is the thousands digit of ((-6660)/35)/(26/(-637))?
4
Let l(i) = -i**3 - 10*i**2 - 6*i + 3. Suppose -4*n = 32 + 12. What is the units digit of l(n)?
0
Let c(l) = 427*l**3 + l**2 - 10*l + 11. What is the hundreds digit of c(2)?
4
Suppose 0 = 2*f - 28 + 10. Let r(h) = h + 13*h**2 - f*h**2 - 3*h**2 + 22*h**3 - 1. What is the units digit of r(1)?
3
Suppose 26 = -m - 7. Let d be (-176)/m*1*6. Suppose 2*n + d = 150. What is the tens digit of n?
5
Let g(r) = -r**3 - 6*r**2 - r - 4. Let a be g(-6). Let x be (-730)/6 - a/6. Let i = x + 191. What is the tens digit of i?
6
Let i = 703 - 140. What is the hundreds digit of i?
5
Suppose -o - 116 = -3